09 = 2*u, 3*u + y = -466. Let t = u - -218. What is the units digit of t?
1
What is the tens digit of 38952/5 + 1 + (-220)/550?
9
Let n = -47 + 26. Let p = 123 + n. What is the units digit of p?
2
Let m = 793 - -65. Let x = -73 + m. What is the hundreds digit of x?
7
Suppose 28260 = 5*g - r, -28265 = g - 6*g + 2*r. Suppose 8*u = 1509 + g. What is the hundreds digit of u?
8
Suppose d + 120 = -4*d. Let s = -432 - -544. Let u = d + s. What is the units digit of u?
8
Suppose 321*p - 91 = 314*p. Suppose -2*z = z - 3. Suppose z = -4*o + p. What is the units digit of o?
3
Let z(g) = -7*g**2 - 1. Let d be z(-1). Let u be (-3)/12 + (-11386)/d + -2. Suppose u = 5*s + 551. What is the hundreds digit of s?
1
Let s = 47754 + -40909. What is the thousands digit of s?
6
Suppose 5*y - 13 - 7 = 0. Suppose -a = -y*c - c - 24, -2*a - 2*c = -24. What is the tens digit of (a/(-6))/(-2*2/156)?
9
What is the ten thousands digit of ((40/(-150))/(-2) - (-47)/(-15))*-3503?
1
Let d(h) = 15338*h - 303. What is the hundreds digit of d(2)?
3
Let g = 777 + -770. What is the tens digit of (-24)/(-56)*g - 22/(-1)?
2
Let d be (9172/(-6) - 0) + (-6)/18. Let u = d + 2149. What is the units digit of u?
0
Let o = 2 + 0. Let b = -246 - -794. Suppose -b = o*g - 6*g. What is the units digit of g?
7
Suppose 141162 = 8*o - 26*o + 39*o. What is the units digit of o?
2
Let t = -19289 + 22459. What is the thousands digit of t?
3
Let q(u) = u**3 + 4*u**2 - 3*u - 13. Let p be q(-3). Suppose 10*l - 4355 = p*l. What is the units digit of l?
1
Suppose -81*p + 193*p = 6024256. What is the hundreds digit of p?
7
Let h = -12320 + 18566. What is the hundreds digit of h?
2
Suppose -3951*a + 194558 = -3925*a. What is the units digit of a?
3
Let r(i) = -62*i - 6. Let s be r(-12). What is the hundreds digit of 4/(3/s*3) + 0?
3
Let k be (22 + -24)/(1/(-224)). Let u = k - -196. What is the tens digit of u?
4
Let s(k) = 4*k + 7 + 5*k**2 + 2*k**2 - 6*k**2. Let j be s(-11). Let v = 139 - j. What is the tens digit of v?
5
Let w(z) = 20*z**2 - 200*z - 271. What is the units digit of w(42)?
9
Let v be 2/7 + 2 - (-10)/(-35). Suppose -5*r + 62 + 390 = v*o, -2*o - 2*r + 464 = 0. What is the hundreds digit of o?
2
Suppose 10*x - 9819 = 5*x + 4*m, 1968 = x - 5*m. What is the thousands digit of x?
1
Suppose -860 - 904 = -4*p. Suppose 5*o - g = 2*g + p, 5*o - 459 = -3*g. What is the units digit of o?
0
Let i = -108 - -186. Suppose -k - 33 + i = 0. Let x = k + 100. What is the hundreds digit of x?
1
Let o = -33 + 28. Let b be (1 + -6)/(o/6). Suppose 2*k = b*k - 292. What is the tens digit of k?
7
Let p(q) = -q**3 - 6*q**2 + 7*q - 3. Suppose -16*k = -11*k + 30. Let m be p(k). Let a = m - -158. What is the tens digit of a?
1
Let r = 275 + -274. What is the hundreds digit of r/(-5 - (-23688)/4736)?
5
Let o = -127 + 293. Suppose -7*k - 5*i - 245 = -12*k, -2*i + o = 4*k. What is the tens digit of k?
4
Suppose 0*p + 6 = 3*j - p, -4*j + p + 9 = 0. Suppose -5*w - 2*a = -330, -w - j*a + 66 = -a. What is the tens digit of w?
6
Let o = 42 - 45. Let c be o + 6*(-3 - -2). Let x(b) = -15*b - 32. What is the units digit of x(c)?
3
Suppose -14*b + 0*b = -5726. Suppose -b = 3*q - 4*q. What is the units digit of q?
9
Let r(w) = 13*w - 27. Let h(d) = -d**3 + 11*d**2 + 2. Let u be h(11). Suppose -u*j - 18 = -2*c, -5*c - j + 36 = -3*j. What is the tens digit of r(c)?
5
Let q(k) = 136*k**2 - k + 1. Let m(p) be the first derivative of -2*p**3/3 + 5*p**2 - 7*p - 18. Let g be m(4). What is the tens digit of q(g)?
3
Suppose 29*k - 130970 = 674766 + 528206. What is the ten thousands digit of k?
4
Let n(j) = -j**3 - 5*j**2 - 3*j - 11. Let a be n(-5). Suppose 0 = 4*t - 4*c - 24, 4*c - 7 = -a*t + 1. Suppose -108 = -t*i + 172. What is the tens digit of i?
7
Let b = -6634 + 12822. What is the units digit of b?
8
Let v = 655 - -321. Suppose 20*c - 19*c - v = 0. What is the tens digit of c?
7
Let u(b) = -9*b + 2. Let n be u(-2). Suppose -1412 = -24*v + n*v. What is the hundreds digit of v?
3
Let y be 1085/((14 + -6)/8). Let q = -249 + y. What is the tens digit of q?
3
Let w be (-2)/(-8) - (-31)/4. Let l be (-4 - (-3 - -33)) + 9. Let t = w - l. What is the tens digit of t?
3
Suppose 0 = -3*j - 2*d + 9140, j - 2*d - 2787 - 265 = 0. Suppose -5*p + 13*p = j. What is the units digit of p?
1
Let f = 154 + -214. What is the units digit of (-1)/2 - 26190/f?
6
Let p(l) = 6*l**2 + l - 10. Suppose 5*f + f = 60. What is the hundreds digit of p(f)?
6
Suppose 0 = 2*z + 4*t - 2546, 224*z + t = 227*z - 3791. What is the tens digit of z?
6
Let o be (8/(-14))/(-4 + 30/7). What is the hundreds digit of (75/(-15) - (-1163)/(-1))/o?
5
Let q(c) = 134*c - 23. Let p be (-14)/(-2) + 22 + -26. What is the units digit of q(p)?
9
Let t be 4/(0 - 6 - (-26 + 18)). Suppose 3*u - r + t*r - 3956 = 0, -3*u - 4*r + 3953 = 0. What is the units digit of u?
9
Suppose -5 + 13 = -c. Let f(m) = m**3 + 8*m**2 + m + 13. Let n be f(c). Suppose 11*p - 156 = n*p. What is the tens digit of p?
2
Let k(l) = l**2 - 15*l + 9. Let y be k(16). Suppose 6*n = -7 + y. Suppose 0 = 3*v - 6 - n. What is the units digit of v?
3
Let w be (-52)/(-20) - (-4)/10. Let d be 0 + (-10)/2 + 7. What is the units digit of (w - d)*79*(-4 + 5)?
9
Suppose 2*v - 5*j = 5098, -9 = -j - 3. What is the units digit of v?
4
Let l(z) = 2052*z + 1058. What is the hundreds digit of l(11)?
6
Let o(y) = -y**3 - 11*y**2 - 6*y - 37. Let a be o(-14). Let k = -62 + a. What is the hundreds digit of k?
5
Let q(w) = -2*w**3 - 6*w**2 - 3*w + 1. Let x be q(-4). Let s be (10/(-6))/((-41)/(-123)). Let b = s + x. What is the tens digit of b?
4
Suppose -77 = -5*c + 2*c - 5*x, -3*x + 31 = c. Suppose c*g - 35 + 130 = 0. What is the units digit of 1/((-296)/(-295) + g + 4)?
5
Let l be ((0 - -1)*-1)/((-6)/318). Suppose -l*p = -50*p. Suppose p*c + 259 = 7*c. What is the tens digit of c?
3
Let p(y) = 2*y**2 + 2*y. Let a be p(-3). Suppose -8*f = -a - 4. Suppose g = -f*g + 381. What is the tens digit of g?
2
What is the hundreds digit of 10305 - 2 - (40 - 38)?
3
Suppose -48*z + 51*z = -2*v + 12706, v = 6*z + 6353. What is the units digit of v?
3
Let d = -146 + 149. Suppose 1368 = 4*h + 3*l, -5*l + 1316 = d*h + 290. What is the hundreds digit of h?
3
Let o = -4548 + 26079. What is the tens digit of o?
3
Let l = 0 - -95. Suppose 0 = -l*m + 94*m + 67. Let k = m - -55. What is the hundreds digit of k?
1
Let w(p) = 1060*p**2 - 6*p + 5. Let y be (498/(-84) + 6)*14. What is the tens digit of w(y)?
5
Suppose 8*p - 677 = -61. Suppose -o - 76 = -p. Let b(z) = 95*z + 3. What is the tens digit of b(o)?
9
Suppose -45 = -4*q + q. Suppose 0 = 5*g + 4*m - 0*m - 31, q = 2*g - m. Suppose g*c - 515 = 290. What is the tens digit of c?
1
Suppose 8*k + 32 + 0 = 0. Let n(u) = -22*u**3 - u - 8. Let a be n(k). What is the hundreds digit of -4*(-2)/(-20) - a/(-10)?
1
Let c(f) = -f**3 - 33*f**2 + 63*f + 155. Let k be c(-35). Let b = k + 1203. What is the tens digit of b?
0
Suppose -61*v + 132270 = -1159893. What is the thousands digit of v?
1
Suppose 0 = -0*a - 2*a. Suppose 4*z + a*z + 3540 = 4*o, 0 = 5*o + 25. What is the hundreds digit of 1/(-4) + z/(-8)?
1
Suppose -85*i + 146058 + 505401 + 232286 = 0. What is the hundreds digit of i?
3
Let m be (0/(0 - 10))/(2/(-2)). Suppose m = -39*u + 38175 + 3984. What is the tens digit of u?
8
Suppose -15*v + 28610 = -5*v. What is the thousands digit of v?
2
Let f(u) = u**2 - 4*u + 10. Let j be f(5). Suppose 164 - 4214 = -j*m. Suppose -n = 2*n - m. What is the units digit of n?
0
Suppose -3*c - 1465 = b - 434, -2*b = 4*c + 1372. What is the units digit of (52/8 + -6)*(1 - c)?
3
Suppose -j + 20 = -m, -3*j - 3*m = -4*j + 24. Suppose -j = -3*h - 42. What is the units digit of 61/4 + (-6)/h?
6
Suppose -u = -2*p + 5, 6*p - 16 = 2*p. What is the tens digit of ((-154)/(-55))/(u/120)?
1
Let t(l) be the second derivative of -l**4/12 + 17*l**3/3 + 33*l**2/2 + 42*l. Let z be t(17). Let f = -59 + z. What is the units digit of f?
3
Suppose 4*y - 21 = -3*n, -3*y + 12 = 2*n - y. Suppose -n*b + 2276 = 2*h, h = 5*b - 0*h - 3815. What is the units digit of b?
2
Let o be (30*1)/(3 - (-6)/(-6)). Let m = o - -170. What is the hundreds digit of m?
1
Let y(a) = -5*a**2 + 12*a + 52. Let w be y(10). Let l = 934 + w. What is the tens digit of l?
0
Let i(f) = 7*f